{"id":3,"date":"2025-10-21T08:51:41","date_gmt":"2025-10-21T08:51:41","guid":{"rendered":"http:\/\/n-p-b.com\/?page_id=3"},"modified":"2025-10-21T15:34:12","modified_gmt":"2025-10-21T15:34:12","slug":"mentions-legales","status":"publish","type":"page","link":"https:\/\/n-p-b.com\/index.php\/mentions-legales\/","title":{"rendered":"Mentions l\u00e9gales"},"content":{"rendered":"\t\t<div data-elementor-type=\"wp-page\" data-elementor-id=\"3\" class=\"elementor elementor-3\">\n\t\t\t\t<div class=\"elementor-element elementor-element-7797b21a e-flex e-con-boxed wpr-particle-no wpr-jarallax-no wpr-parallax-no wpr-sticky-section-no e-con e-parent\" data-id=\"7797b21a\" data-element_type=\"container\">\n\t\t\t\t\t<div class=\"e-con-inner\">\n\t\t\t\t<div class=\"elementor-element elementor-element-ac4bc56 animated-slow elementor-invisible elementor-widget elementor-widget-heading\" data-id=\"ac4bc56\" data-element_type=\"widget\" data-settings=\"{&quot;_animation&quot;:&quot;fadeIn&quot;,&quot;_animation_delay&quot;:400}\" data-widget_type=\"heading.default\">\n\t\t\t\t\t<h2 class=\"elementor-heading-title elementor-size-default\">Mentions l\u00e9gales<\/h2>\t\t\t\t<\/div>\n\t\t\t\t<div class=\"elementor-element elementor-element-3af053d animated-slow elementor-invisible elementor-widget elementor-widget-heading\" data-id=\"3af053d\" data-element_type=\"widget\" data-settings=\"{&quot;_animation&quot;:&quot;fadeIn&quot;,&quot;_animation_delay&quot;:400}\" data-widget_type=\"heading.default\">\n\t\t\t\t\t<h2 class=\"elementor-heading-title elementor-size-default\">Informations sur l\u2019entreprise<\/h2>\t\t\t\t<\/div>\n\t\t\t\t<div class=\"elementor-element elementor-element-6dcc97d elementor-widget elementor-widget-text-editor\" data-id=\"6dcc97d\" data-element_type=\"widget\" data-widget_type=\"text-editor.default\">\n\t\t\t\t\t\t\t\t\t<p><strong data-start=\"155\" data-end=\"175\">Raison sociale :<\/strong> NPB<br data-start=\"179\" data-end=\"182\" \/><strong data-start=\"182\" data-end=\"203\">Forme juridique :<\/strong> Entreprise individuelle<br data-start=\"227\" data-end=\"230\" \/><strong data-start=\"230\" data-end=\"254\">Repr\u00e9sentant l\u00e9gal :<\/strong> FILALI MANSSOURA<br data-start=\"271\" data-end=\"274\" \/><strong data-start=\"274\" data-end=\"292\">Si\u00e8ge social :<\/strong> 71 Boulevard de la Comtesse, 13012 MARSEILLE, FRANCE<br data-start=\"345\" data-end=\"348\" \/><strong data-start=\"348\" data-end=\"368\">Capital social :<\/strong> 3 000 EUROS<br data-start=\"380\" data-end=\"383\" \/><strong data-start=\"383\" data-end=\"394\">SIRET :<\/strong> 992 494 005<br data-start=\"406\" data-end=\"409\" \/><strong data-start=\"452\" data-end=\"467\">T\u00e9l\u00e9phone :<\/strong> 07 45 17 99 17<br data-start=\"482\" data-end=\"485\" \/><strong data-start=\"485\" data-end=\"496\">Email :<\/strong> <a class=\"decorated-link cursor-pointer\" rel=\"noopener\" data-start=\"497\" data-end=\"514\">contact@n-p-b.com<\/a><br data-start=\"514\" data-end=\"517\" \/><strong data-start=\"517\" data-end=\"536\">Site internet :<\/strong> <a class=\"decorated-link\" href=\"https:\/\/n-p-b.com\" target=\"_new\" rel=\"noopener\" data-start=\"537\" data-end=\"575\">https:\/\/n-p-b.com<\/a><\/p>\t\t\t\t\t\t\t\t<\/div>\n\t\t\t\t<div class=\"elementor-element elementor-element-a8a68ea animated-slow elementor-invisible elementor-widget elementor-widget-heading\" data-id=\"a8a68ea\" data-element_type=\"widget\" data-settings=\"{&quot;_animation&quot;:&quot;fadeIn&quot;,&quot;_animation_delay&quot;:400}\" data-widget_type=\"heading.default\">\n\t\t\t\t\t<h2 class=\"elementor-heading-title elementor-size-default\">Activit\u00e9<\/h2>\t\t\t\t<\/div>\n\t\t\t\t<div class=\"elementor-element elementor-element-229f15e elementor-widget elementor-widget-text-editor\" data-id=\"229f15e\" data-element_type=\"widget\" data-widget_type=\"text-editor.default\">\n\t\t\t\t\t\t\t\t\t<p data-start=\"595\" data-end=\"785\">Location de logements saisonniers sur plateforme num\u00e9rique, conciergerie de luxe, organisation d\u2019\u00e9v\u00e9nements (mariage, bapt\u00eame, enterrement de vie de jeune fille\/gar\u00e7on, communion, congr\u00e8s\u2026).<\/p>\t\t\t\t\t\t\t\t<\/div>\n\t\t\t\t<div class=\"elementor-element elementor-element-e267fbf animated-slow elementor-invisible elementor-widget elementor-widget-heading\" data-id=\"e267fbf\" data-element_type=\"widget\" data-settings=\"{&quot;_animation&quot;:&quot;fadeIn&quot;,&quot;_animation_delay&quot;:400}\" data-widget_type=\"heading.default\">\n\t\t\t\t\t<h2 class=\"elementor-heading-title elementor-size-default\">Directeur de la publication<\/h2>\t\t\t\t<\/div>\n\t\t\t\t<div class=\"elementor-element elementor-element-0f85680 elementor-widget elementor-widget-text-editor\" data-id=\"0f85680\" data-element_type=\"widget\" data-widget_type=\"text-editor.default\">\n\t\t\t\t\t\t\t\t\t<p data-start=\"824\" data-end=\"970\">Le directeur de la publication du site <a class=\"decorated-link\" href=\"https:\/\/n-p-b.com\" target=\"_new\" rel=\"noopener\" data-start=\"863\" data-end=\"901\">https:\/\/n-p-b.com<\/a> est <strong data-start=\"906\" data-end=\"926\">FILALI MANSSOURA<\/strong>, en qualit\u00e9 de repr\u00e9sentante l\u00e9gale de NPB.<\/p>\t\t\t\t\t\t\t\t<\/div>\n\t\t\t\t<div class=\"elementor-element elementor-element-bf968e3 animated-slow elementor-invisible elementor-widget elementor-widget-heading\" data-id=\"bf968e3\" data-element_type=\"widget\" data-settings=\"{&quot;_animation&quot;:&quot;fadeIn&quot;,&quot;_animation_delay&quot;:400}\" data-widget_type=\"heading.default\">\n\t\t\t\t\t<h2 class=\"elementor-heading-title elementor-size-default\">H\u00e9bergement du site<\/h2>\t\t\t\t<\/div>\n\t\t\t\t<div class=\"elementor-element elementor-element-c98fd47 elementor-widget elementor-widget-text-editor\" data-id=\"c98fd47\" data-element_type=\"widget\" data-widget_type=\"text-editor.default\">\n\t\t\t\t\t\t\t\t\t<p data-start=\"1001\" data-end=\"1067\">Le site <a class=\"decorated-link\" href=\"https:\/\/n-p-b.com\" target=\"_new\" rel=\"noopener\" data-start=\"1009\" data-end=\"1047\">https:\/\/n-p-b.com<\/a> est h\u00e9berg\u00e9 par :<\/p>\n<p data-start=\"1069\" data-end=\"1262\"><strong data-start=\"1069\" data-end=\"1101\">Hostinger International Ltd.<\/strong><br data-start=\"1101\" data-end=\"1104\" \/>Adresse : 61 Lordou Vironos Street, 6023 Larnaca, Chypre<br data-start=\"1160\" data-end=\"1163\" \/>Site web : <a class=\"decorated-link\" href=\"https:\/\/www.hostinger.fr\/\" target=\"_new\" rel=\"noopener\" data-start=\"1174\" data-end=\"1228\">https:\/\/www.hostinger.fr\/<\/a><br data-start=\"1228\" data-end=\"1231\" \/>Email : <a class=\"decorated-link cursor-pointer\" rel=\"noopener\" data-start=\"1239\" data-end=\"1260\">support@hostinger.com<\/a><\/p>\t\t\t\t\t\t\t\t<\/div>\n\t\t\t\t<div class=\"elementor-element elementor-element-0f23376 animated-slow elementor-invisible elementor-widget elementor-widget-heading\" data-id=\"0f23376\" data-element_type=\"widget\" data-settings=\"{&quot;_animation&quot;:&quot;fadeIn&quot;,&quot;_animation_delay&quot;:400}\" data-widget_type=\"heading.default\">\n\t\t\t\t\t<h2 class=\"elementor-heading-title elementor-size-default\">Propri\u00e9t\u00e9 intellectuelle<\/h2>\t\t\t\t<\/div>\n\t\t\t\t<div class=\"elementor-element elementor-element-e423d5c elementor-widget elementor-widget-text-editor\" data-id=\"e423d5c\" data-element_type=\"widget\" data-widget_type=\"text-editor.default\">\n\t\t\t\t\t\t\t\t\t<p data-start=\"1298\" data-end=\"1598\">L\u2019ensemble du contenu du site <a class=\"decorated-link\" href=\"https:\/\/n-p-b.com\" target=\"_new\" rel=\"noopener\" data-start=\"1328\" data-end=\"1366\">https:\/\/n-p-b.com<\/a> (structure, textes, logos, images, photographies, vid\u00e9os, sons, etc.) est la propri\u00e9t\u00e9 exclusive de <strong data-start=\"1467\" data-end=\"1474\">NPB<\/strong> ou de ses partenaires, et est prot\u00e9g\u00e9 par les lois fran\u00e7aises et internationales relatives \u00e0 la propri\u00e9t\u00e9 intellectuelle.<\/p>\n<p data-start=\"1600\" data-end=\"1732\">Toute reproduction totale ou partielle du contenu du site est strictement interdite sans autorisation pr\u00e9alable \u00e9crite de <strong data-start=\"1722\" data-end=\"1729\">NPB<\/strong>.<\/p>\n<p data-start=\"1734\" data-end=\"1902\">Toute utilisation non autoris\u00e9e de ce contenu constituerait une contrefa\u00e7on sanctionn\u00e9e par les articles <strong data-start=\"1839\" data-end=\"1901\">L.335-2 et suivants du Code de la Propri\u00e9t\u00e9 Intellectuelle<\/strong>.<\/p>\t\t\t\t\t\t\t\t<\/div>\n\t\t\t\t<div class=\"elementor-element elementor-element-420fb62 animated-slow elementor-invisible elementor-widget elementor-widget-heading\" data-id=\"420fb62\" data-element_type=\"widget\" data-settings=\"{&quot;_animation&quot;:&quot;fadeIn&quot;,&quot;_animation_delay&quot;:400}\" data-widget_type=\"heading.default\">\n\t\t\t\t\t<h2 class=\"elementor-heading-title elementor-size-default\">Liens hypertextes<\/h2>\t\t\t\t<\/div>\n\t\t\t\t<div class=\"elementor-element elementor-element-6a97c6b elementor-widget elementor-widget-text-editor\" data-id=\"6a97c6b\" data-element_type=\"widget\" data-widget_type=\"text-editor.default\">\n\t\t\t\t\t\t\t\t\t<p data-start=\"1931\" data-end=\"2170\">Le site <a class=\"decorated-link\" href=\"https:\/\/n-p-b.com\" target=\"_new\" rel=\"noopener\" data-start=\"1939\" data-end=\"1977\">https:\/\/n-p-b.com<\/a> peut contenir des liens hypertextes vers d\u2019autres sites internet. <strong data-start=\"2044\" data-end=\"2051\">NPB<\/strong> ne peut \u00eatre tenue responsable du contenu de ces sites ni de l\u2019usage qui pourrait en \u00eatre fait par les utilisateurs.<\/p>\n<p data-start=\"2172\" data-end=\"2317\">La cr\u00e9ation de liens hypertextes vers le site <a class=\"decorated-link\" href=\"https:\/\/n-p-b.com\" target=\"_new\" rel=\"noopener\" data-start=\"2218\" data-end=\"2256\">https:\/\/n-p-b.com<\/a> est soumise \u00e0 l\u2019autorisation pr\u00e9alable et \u00e9crite de <strong data-start=\"2309\" data-end=\"2316\">NPB<\/strong>.<\/p>\t\t\t\t\t\t\t\t<\/div>\n\t\t\t\t<div class=\"elementor-element elementor-element-187f368 animated-slow elementor-invisible elementor-widget elementor-widget-heading\" data-id=\"187f368\" data-element_type=\"widget\" data-settings=\"{&quot;_animation&quot;:&quot;fadeIn&quot;,&quot;_animation_delay&quot;:400}\" data-widget_type=\"heading.default\">\n\t\t\t\t\t<h2 class=\"elementor-heading-title elementor-size-default\">Responsabilit\u00e9<\/h2>\t\t\t\t<\/div>\n\t\t\t\t<div class=\"elementor-element elementor-element-a216e8a elementor-widget elementor-widget-text-editor\" data-id=\"a216e8a\" data-element_type=\"widget\" data-widget_type=\"text-editor.default\">\n\t\t\t\t\t\t\t\t\t<p data-start=\"2343\" data-end=\"2541\">Les informations pr\u00e9sentes sur le site <a class=\"decorated-link\" href=\"https:\/\/n-p-b.com\" target=\"_new\" rel=\"noopener\" data-start=\"2382\" data-end=\"2420\">https:\/\/n-p-b.com<\/a> sont fournies \u00e0 titre indicatif et ne sauraient dispenser l\u2019utilisateur d\u2019une analyse compl\u00e9mentaire et personnalis\u00e9e.<\/p>\n<p data-start=\"2543\" data-end=\"2739\"><strong data-start=\"2543\" data-end=\"2550\">NPB<\/strong> s\u2019efforce d\u2019assurer au mieux l\u2019exactitude et la mise \u00e0 jour des informations diffus\u00e9es sur son site, dont elle se r\u00e9serve le droit de corriger, \u00e0 tout moment et sans pr\u00e9avis, le contenu.<\/p>\n<p data-start=\"2741\" data-end=\"2781\"><strong data-start=\"2741\" data-end=\"2748\">NPB<\/strong> d\u00e9cline toute responsabilit\u00e9 :<\/p>\n<ul data-start=\"2782\" data-end=\"3217\">\n<li data-start=\"2782\" data-end=\"2818\">\n<p data-start=\"2784\" data-end=\"2818\">pour toute interruption du site,<\/p>\n<\/li>\n<li data-start=\"2819\" data-end=\"2853\">\n<p data-start=\"2821\" data-end=\"2853\">pour toute survenance de bugs,<\/p>\n<\/li>\n<li data-start=\"2854\" data-end=\"2947\">\n<p data-start=\"2856\" data-end=\"2947\">pour toute inexactitude ou omission portant sur des informations disponibles sur le site,<\/p>\n<\/li>\n<li data-start=\"2948\" data-end=\"3088\">\n<p data-start=\"2950\" data-end=\"3088\">pour tout dommage r\u00e9sultant d\u2019une intrusion frauduleuse d\u2019un tiers ayant entra\u00een\u00e9 une modification des informations mises \u00e0 disposition,<\/p>\n<\/li>\n<li data-start=\"3089\" data-end=\"3217\">\n<p data-start=\"3091\" data-end=\"3217\">et plus g\u00e9n\u00e9ralement pour tout dommage direct ou indirect, quelles qu\u2019en soient les causes, origines, natures ou cons\u00e9quences.<\/p>\n<\/li>\n<\/ul>\t\t\t\t\t\t\t\t<\/div>\n\t\t\t\t<div class=\"elementor-element elementor-element-af81914 animated-slow elementor-invisible elementor-widget elementor-widget-heading\" data-id=\"af81914\" data-element_type=\"widget\" data-settings=\"{&quot;_animation&quot;:&quot;fadeIn&quot;,&quot;_animation_delay&quot;:400}\" data-widget_type=\"heading.default\">\n\t\t\t\t\t<h2 class=\"elementor-heading-title elementor-size-default\">Protection des donn\u00e9es personnelles<\/h2>\t\t\t\t<\/div>\n\t\t\t\t<div class=\"elementor-element elementor-element-6c90ade elementor-widget elementor-widget-text-editor\" data-id=\"6c90ade\" data-element_type=\"widget\" data-widget_type=\"text-editor.default\">\n\t\t\t\t\t\t\t\t\t<p data-start=\"3264\" data-end=\"3532\">Conform\u00e9ment au <strong data-start=\"3280\" data-end=\"3338\">R\u00e8glement G\u00e9n\u00e9ral sur la Protection des Donn\u00e9es (RGPD)<\/strong> et \u00e0 la <strong data-start=\"3347\" data-end=\"3388\">loi Informatique et Libert\u00e9s modifi\u00e9e<\/strong>, vous disposez d\u2019un droit d\u2019acc\u00e8s, de rectification, d\u2019opposition, de limitation, de portabilit\u00e9 et d\u2019effacement de vos donn\u00e9es personnelles.<\/p>\n<p data-start=\"3534\" data-end=\"3587\">Vous pouvez exercer ces droits en nous contactant :<\/p>\n<ul data-start=\"3588\" data-end=\"3745\">\n<li data-start=\"3588\" data-end=\"3635\">\n<p data-start=\"3590\" data-end=\"3635\">par email \u00e0 l\u2019adresse <strong data-start=\"3612\" data-end=\"3633\"><a class=\"decorated-link cursor-pointer\" rel=\"noopener\" data-start=\"3614\" data-end=\"3631\">contact@n-p-b.com<\/a><\/strong><\/p>\n<\/li>\n<li data-start=\"3636\" data-end=\"3745\">\n<p data-start=\"3638\" data-end=\"3745\">ou par courrier postal \u00e0 l\u2019adresse du si\u00e8ge social mentionn\u00e9e ci-dessus, en justifiant de votre identit\u00e9.<\/p>\n<\/li>\n<\/ul>\n<p data-start=\"3747\" data-end=\"3875\">Pour plus d\u2019informations sur la fa\u00e7on dont nous traitons vos donn\u00e9es, veuillez consulter notre <strong data-start=\"3842\" data-end=\"3874\">Politique de Confidentialit\u00e9<\/strong>.<\/p>\t\t\t\t\t\t\t\t<\/div>\n\t\t\t\t<div class=\"elementor-element elementor-element-e0f8605 animated-slow elementor-invisible elementor-widget elementor-widget-heading\" data-id=\"e0f8605\" data-element_type=\"widget\" data-settings=\"{&quot;_animation&quot;:&quot;fadeIn&quot;,&quot;_animation_delay&quot;:400}\" data-widget_type=\"heading.default\">\n\t\t\t\t\t<h2 class=\"elementor-heading-title elementor-size-default\">Cookies<\/h2>\t\t\t\t<\/div>\n\t\t\t\t<div class=\"elementor-element elementor-element-04f1795 elementor-widget elementor-widget-text-editor\" data-id=\"04f1795\" data-element_type=\"widget\" data-widget_type=\"text-editor.default\">\n\t\t\t\t\t\t\t\t\t<p data-start=\"3264\" data-end=\"3532\">Le site <a class=\"decorated-link\" href=\"https:\/\/n-p-b.com\" target=\"_new\" rel=\"noopener\" data-start=\"3902\" data-end=\"3940\">https:\/\/n-p-b.com<\/a> utilise des cookies pour am\u00e9liorer l\u2019exp\u00e9rience utilisateur. Pour plus d\u2019informations sur l\u2019utilisation des cookies et sur les moyens de les d\u00e9sactiver, veuillez consulter notre <strong data-start=\"4119\" data-end=\"4143\">Politique de Cookies<\/strong>.<\/p>\t\t\t\t\t\t\t\t<\/div>\n\t\t\t\t<div class=\"elementor-element elementor-element-1545daf animated-slow elementor-invisible elementor-widget elementor-widget-heading\" data-id=\"1545daf\" data-element_type=\"widget\" data-settings=\"{&quot;_animation&quot;:&quot;fadeIn&quot;,&quot;_animation_delay&quot;:400}\" data-widget_type=\"heading.default\">\n\t\t\t\t\t<h2 class=\"elementor-heading-title elementor-size-default\">M\u00e9diation<\/h2>\t\t\t\t<\/div>\n\t\t\t\t<div class=\"elementor-element elementor-element-88f5c1d elementor-widget elementor-widget-text-editor\" data-id=\"88f5c1d\" data-element_type=\"widget\" data-widget_type=\"text-editor.default\">\n\t\t\t\t\t\t\t\t\t<p data-start=\"4165\" data-end=\"4317\">Conform\u00e9ment aux articles <strong data-start=\"4191\" data-end=\"4202\">L.616-1<\/strong> et <strong data-start=\"4206\" data-end=\"4217\">R.616-1<\/strong> du Code de la consommation, <strong data-start=\"4246\" data-end=\"4253\">NPB<\/strong> a mis en place un dispositif de m\u00e9diation de la consommation.<\/p>\n<p data-start=\"4319\" data-end=\"4433\">En cas de litige, vous pouvez d\u00e9poser votre r\u00e9clamation sur le site du m\u00e9diateur comp\u00e9tent ou par courrier postal.<\/p>\t\t\t\t\t\t\t\t<\/div>\n\t\t\t\t<div class=\"elementor-element elementor-element-45f4556 animated-slow elementor-invisible elementor-widget elementor-widget-heading\" data-id=\"45f4556\" data-element_type=\"widget\" data-settings=\"{&quot;_animation&quot;:&quot;fadeIn&quot;,&quot;_animation_delay&quot;:400}\" data-widget_type=\"heading.default\">\n\t\t\t\t\t<h2 class=\"elementor-heading-title elementor-size-default\">Droit applicable et juridiction comp\u00e9tente<\/h2>\t\t\t\t<\/div>\n\t\t\t\t<div class=\"elementor-element elementor-element-9cc70f6 elementor-widget elementor-widget-text-editor\" data-id=\"9cc70f6\" data-element_type=\"widget\" data-widget_type=\"text-editor.default\">\n\t\t\t\t\t\t\t\t\t<p data-start=\"4487\" data-end=\"4626\">Les pr\u00e9sentes mentions l\u00e9gales sont r\u00e9gies par le <strong data-start=\"4537\" data-end=\"4555\">droit fran\u00e7ais<\/strong>. En cas de litige, les <strong data-start=\"4579\" data-end=\"4601\">tribunaux fran\u00e7ais<\/strong> seront seuls comp\u00e9tents.<\/p>\t\t\t\t\t\t\t\t<\/div>\n\t\t\t\t\t<\/div>\n\t\t\t\t<\/div>\n\t\t\t\t<\/div>\n\t\t","protected":false},"excerpt":{"rendered":"<p>Mentions l\u00e9gales Informations sur l\u2019entreprise Raison sociale : NPBForme juridique : Entreprise individuelleRepr\u00e9sentant l\u00e9gal : FILALI MANSSOURASi\u00e8ge social : 71 Boulevard de la Comtesse, 13012 MARSEILLE, FRANCECapital social : 3 000 EUROSSIRET : 992 494 005T\u00e9l\u00e9phone : 07 45 17 99 17Email : contact@n-p-b.comSite internet : https:\/\/n-p-b.com Activit\u00e9 Location de logements saisonniers sur plateforme num\u00e9rique, conciergerie de luxe, organisation d\u2019\u00e9v\u00e9nements (mariage, bapt\u00eame, enterrement de vie de jeune fille\/gar\u00e7on, communion, congr\u00e8s\u2026). Directeur de la publication Le directeur de la publication du site https:\/\/n-p-b.com est FILALI MANSSOURA, en qualit\u00e9 de repr\u00e9sentante l\u00e9gale de NPB. H\u00e9bergement du site Le site https:\/\/n-p-b.com est h\u00e9berg\u00e9 par : Hostinger International Ltd.Adresse : 61 Lordou Vironos Street, 6023 Larnaca, ChypreSite web : https:\/\/www.hostinger.fr\/Email : support@hostinger.com Propri\u00e9t\u00e9 intellectuelle L\u2019ensemble du contenu du site https:\/\/n-p-b.com (structure, textes, logos, images, photographies, vid\u00e9os, sons, etc.) est la propri\u00e9t\u00e9 exclusive de NPB ou de ses partenaires, et est prot\u00e9g\u00e9 par les lois fran\u00e7aises et internationales relatives \u00e0 la propri\u00e9t\u00e9 intellectuelle. Toute reproduction totale ou partielle du contenu du site est strictement interdite sans autorisation pr\u00e9alable \u00e9crite de NPB. Toute utilisation non autoris\u00e9e de ce contenu constituerait une contrefa\u00e7on sanctionn\u00e9e par les articles L.335-2 et suivants du Code de la Propri\u00e9t\u00e9 Intellectuelle. Liens hypertextes Le site https:\/\/n-p-b.com peut contenir des liens hypertextes vers d\u2019autres sites internet. NPB ne peut \u00eatre tenue responsable du contenu de ces sites ni de l\u2019usage qui pourrait en \u00eatre fait par les utilisateurs. La cr\u00e9ation de liens hypertextes vers le site https:\/\/n-p-b.com est soumise \u00e0 l\u2019autorisation pr\u00e9alable et \u00e9crite de NPB. Responsabilit\u00e9 Les informations pr\u00e9sentes sur le site https:\/\/n-p-b.com sont fournies \u00e0 titre indicatif et ne sauraient dispenser l\u2019utilisateur d\u2019une analyse compl\u00e9mentaire et personnalis\u00e9e. NPB s\u2019efforce d\u2019assurer au mieux l\u2019exactitude et la mise \u00e0 jour des informations diffus\u00e9es sur son site, dont elle se r\u00e9serve le droit de corriger, \u00e0 tout moment et sans pr\u00e9avis, le contenu. NPB d\u00e9cline toute responsabilit\u00e9 : pour toute interruption du site, pour toute survenance de bugs, pour toute inexactitude ou omission portant sur des informations disponibles sur le site, pour tout dommage r\u00e9sultant d\u2019une intrusion frauduleuse d\u2019un tiers ayant entra\u00een\u00e9 une modification des informations mises \u00e0 disposition, et plus g\u00e9n\u00e9ralement pour tout dommage direct ou indirect, quelles qu\u2019en soient les causes, origines, natures ou cons\u00e9quences. Protection des donn\u00e9es personnelles Conform\u00e9ment au R\u00e8glement G\u00e9n\u00e9ral sur la Protection des Donn\u00e9es (RGPD) et \u00e0 la loi Informatique et Libert\u00e9s modifi\u00e9e, vous disposez d\u2019un droit d\u2019acc\u00e8s, de rectification, d\u2019opposition, de limitation, de portabilit\u00e9 et d\u2019effacement de vos donn\u00e9es personnelles. Vous pouvez exercer ces droits en nous contactant : par email \u00e0 l\u2019adresse contact@n-p-b.com ou par courrier postal \u00e0 l\u2019adresse du si\u00e8ge social mentionn\u00e9e ci-dessus, en justifiant de votre identit\u00e9. Pour plus d\u2019informations sur la fa\u00e7on dont nous traitons vos donn\u00e9es, veuillez consulter notre Politique de Confidentialit\u00e9. Cookies Le site https:\/\/n-p-b.com utilise des cookies pour am\u00e9liorer l\u2019exp\u00e9rience utilisateur. Pour plus d\u2019informations sur l\u2019utilisation des cookies et sur les moyens de les d\u00e9sactiver, veuillez consulter notre Politique de Cookies. M\u00e9diation Conform\u00e9ment aux articles L.616-1 et R.616-1 du Code de la consommation, NPB a mis en place un dispositif de m\u00e9diation de la consommation. En cas de litige, vous pouvez d\u00e9poser votre r\u00e9clamation sur le site du m\u00e9diateur comp\u00e9tent ou par courrier postal. Droit applicable et juridiction comp\u00e9tente Les pr\u00e9sentes mentions l\u00e9gales sont r\u00e9gies par le droit fran\u00e7ais. En cas de litige, les tribunaux fran\u00e7ais seront seuls comp\u00e9tents.<\/p>\n","protected":false},"author":1,"featured_media":0,"parent":0,"menu_order":0,"comment_status":"closed","ping_status":"closed","template":"elementor_header_footer","meta":{"_eb_attr":"","footnotes":""},"class_list":["post-3","page","type-page","status-publish","hentry"],"_hostinger_reach_plugin_has_subscription_block":false,"_hostinger_reach_plugin_is_elementor":false,"_links":{"self":[{"href":"https:\/\/n-p-b.com\/index.php\/wp-json\/wp\/v2\/pages\/3","targetHints":{"allow":["GET"]}}],"collection":[{"href":"https:\/\/n-p-b.com\/index.php\/wp-json\/wp\/v2\/pages"}],"about":[{"href":"https:\/\/n-p-b.com\/index.php\/wp-json\/wp\/v2\/types\/page"}],"author":[{"embeddable":true,"href":"https:\/\/n-p-b.com\/index.php\/wp-json\/wp\/v2\/users\/1"}],"replies":[{"embeddable":true,"href":"https:\/\/n-p-b.com\/index.php\/wp-json\/wp\/v2\/comments?post=3"}],"version-history":[{"count":8,"href":"https:\/\/n-p-b.com\/index.php\/wp-json\/wp\/v2\/pages\/3\/revisions"}],"predecessor-version":[{"id":339,"href":"https:\/\/n-p-b.com\/index.php\/wp-json\/wp\/v2\/pages\/3\/revisions\/339"}],"wp:attachment":[{"href":"https:\/\/n-p-b.com\/index.php\/wp-json\/wp\/v2\/media?parent=3"}],"curies":[{"name":"wp","href":"https:\/\/api.w.org\/{rel}","templated":true}]}}